(w) = -34*w + 662. What is m(20)?
-18
Let k(d) = d**3 - 13*d**2 + 114*d - 1017. Determine k(11).
-5
Let i(k) = k**2 + 61*k - 275. Calculate i(-65).
-15
Let x(c) = -9*c**2 + 15*c - 50. What is x(5)?
-200
Let f(m) = -m**2 - 3*m + 84. Calculate f(-12).
-24
Let c(o) = -4*o + 42. Calculate c(3).
30
Let b(i) = -i**3 - i**2 + 9*i + 4. Determine b(0).
4
Let g(q) = -q**2 - 29*q + 700. Calculate g(-47).
-146
Let n(r) = -483*r**2 - 31*r + 31. What is n(1)?
-483
Let z(t) = 27*t**2 + 219*t - 261. Determine z(-9).
-45
Let p(y) = 5*y**2 + 9*y + 12. Give p(-2).
14
Let z(n) = n**3 + 5*n**2 + 4*n + 14. Give z(-4).
14
Let f(s) = -s**2 - 4*s + 163. Calculate f(13).
-58
Let v(d) = -9*d - 211. Determine v(-27).
32
Let o(i) = -i**3 - 11*i**2 + 49*i + 46. Calculate o(-14).
-52
Let m(w) = -158*w + 784. Calculate m(5).
-6
Let k(b) = 156*b - 453. Determine k(3).
15
Let q(a) = -2*a**2 + 84*a - 99. What is q(42)?
-99
Let g(u) = 205*u + 213. What is g(-1)?
8
Let h(i) = -23*i - 470. Give h(-23).
59
Let a(t) = 3*t**2 - 40*t + 69. Give a(13).
56
Let z(i) = 3*i**3 - 3*i**2 - 383*i - 764. Calculate z(-2).
-34
Let w(a) = a**2 - 4*a - 122. Give w(6).
-110
Let c(v) = -657*v + 4603. Give c(7).
4
Let l(s) = s**3 - 27*s**2 - 122*s + 5099. Give l(22).
-5
Let i(n) = n**3 - 29*n**2 + 170*n - 23. What is i(21)?
19
Let q(y) = -246*y + 14983. What is q(61)?
-23
Let x(m) = -4*m**2 - 197*m - 423. What is x(-47)?
0
Let s(d) = d**3 - 8*d**2 + 15*d - 49. What is s(3)?
-49
Let p(o) = 12*o**2 - 85*o + 7. What is p(9)?
214
Let l(w) = -3858*w + 34732. What is l(9)?
10
Let g(o) = 22*o**2 - 17*o + 28. Calculate g(2).
82
Let x(z) = 594*z - 4814. Calculate x(8).
-62
Let a(u) = u**3 - 31*u**2 + 21*u + 289. Determine a(30).
19
Let h(v) = -v**2 + 16*v - 6. Give h(8).
58
Let x(y) = y**2 + 943*y + 2824. Calculate x(-3).
4
Let l(i) = 3*i**2 - 9*i - 100. Give l(-6).
62
Let u(w) = w**3 + 51*w**2 + 146*w - 10. What is u(-48)?
-106
Let g(c) = 67*c + 23. Give g(-1).
-44
Let x(i) = 10*i**2 - 56*i - 15. Determine x(6).
9
Let n(z) = z**3 + 190*z**2 - 393*z - 1727. Give n(-192).
1
Let t(h) = h**2 + 41*h - 221. What is t(-45)?
-41
Let p(y) = y**3 - 18*y**2 + 34*y - 100. Calculate p(16).
-68
Let d(c) = 174*c + 1147. What is d(-9)?
-419
Let d(w) = 2*w**3 + 104*w**2 - 27*w - 1290. Calculate d(-52).
114
Let a(w) = 2145*w + 4240. Calculate a(-2).
-50
Let b(f) = 2*f**2 - 25*f + 12. Determine b(7).
-65
Let v(r) = -r**2 - 77*r - 67. Determine v(-76).
9
Let c(a) = -180*a + 138. Determine c(-1).
318
Let p(m) = m**2 - 316*m + 314. What is p(1)?
-1
Let a(n) = 4*n**2 - 57*n + 71. Give a(19).
432
Let r(w) = 12*w**2 + 601*w + 26. What is r(-50)?
-24
Let f(p) = -4*p - 125. Give f(-12).
-77
Let j(a) = -136*a**2 - 8*a - 2. Calculate j(-1).
-130
Let g(l) = 276*l + 953. Determine g(-4).
-151
Let m(t) = 53*t**3 + 6*t**2 - 2*t - 9. What is m(-2)?
-405
Let p(c) = -c**3 + 25*c**2 - 173*c - 45. What is p(15)?
-390
Let b(t) = -2*t**2 - 79*t - 219. Determine b(-3).
0
Let q(y) = 21*y**3 - 14*y**2 + 8*y + 2. Calculate q(1).
17
Let a(p) = -p**3 - 138*p**2 - 422*p - 2306. Give a(-135).
-11
Let t(c) = -c**2 - 81*c + 345. What is t(4)?
5
Let g(l) = -13*l + 129. Give g(15).
-66
Let s(n) = 5*n**2 + 12*n - 228. Calculate s(-8).
-4
Let d(w) = -6630*w + 13262. Determine d(2).
2
Let m(h) = -586*h + 729. Calculate m(1).
143
Let b(n) = 5*n**3 - 18*n**2 + 4*n - 1. Give b(4).
47
Let k(d) = 5*d**3 + 64*d**2 - 14*d - 7. What is k(-13)?
6
Let d(y) = -1449*y - 79696. Give d(-55).
-1
Let d(f) = f**3 - 12*f**2 + 30*f - 3. Determine d(4).
-11
Let w(q) = q**2 + 24*q - 99. What is w(-25)?
-74
Let r(y) = 16*y**2 + 10*y - 22. Calculate r(-2).
22
Let m(t) = -t**3 + 13*t**2 - 20*t + 13. Give m(8).
173
Let p(y) = y**2 + 41*y + 47. Give p(0).
47
Let c(n) = -21*n - 674. Give c(-32).
-2
Let j(g) = -41*g - 183. Calculate j(-5).
22
Let w(a) = 35*a - 38. Give w(0).
-38
Let h(z) = -z**3 - 39*z**2 - 89*z + 671. Give h(-36).
-13
Let f(i) = -3*i**2 + 19*i + 549. What is f(17)?
5
Let k(m) = 2*m - 3. Calculate k(10).
17
Let i(q) = -q**2 - 5*q + 83. Give i(-13).
-21
Let b(d) = -133*d + 940. What is b(7)?
9
Let f(c) = -c**2 + 73*c - 1240. Calculate f(33).
80
Let c(b) = -14205*b + 113629. Give c(8).
-11
Let u(m) = m**3 - 78*m**2 + 73*m + 303. Determine u(77).
-5
Let a(z) = -3*z**2 - 161*z + 2527. Determine a(14).
-315
Let u(r) = r**3 - 2*r**2 + r + 266. Calculate u(0).
266
Let g(s) = 2*s**2 - 120*s + 1518. Give g(42).
6
Let p(g) = 77*g**2 + 325*g + 74. Determine p(-4).
6
Let l(o) = -o**2 - 5*o + 61. Determine l(-11).
-5
Let v(d) = -95*d + 3351. Calculate v(40).
-449
Let o(g) = -75*g - 1. Calculate o(0).
-1
Let j(u) = -29*u - 253. What is j(-14)?
153
Let o(p) = -6*p + 240. Calculate o(40).
0
Let i(y) = -17*y**2 + 1864*y + 660. Give i(110).
0
Let j(g) = -39*g - 2324. What is j(-58)?
-62
Let k(c) = 573*c - 34. What is k(0)?
-34
Let y(p) = -p**2 - 10*p + 17. What is y(-12)?
-7
Let i(u) = 101*u**2 + 1. Give i(1).
102
Let y(z) = 12*z - 46. Calculate y(14).
122
Let t(s) = s**3 + 77*s**2 + 1463*s + 63. Give t(-43).
20
Let u(z) = -202*z**2 - 1006*z + 2. What is u(-5)?
-18
Let n(r) = 113*r - 5481. Determine n(46).
-283
Let a(k) = k**3 - 20*k**2 + 18*k + 53. Calculate a(11).
-838
Let u(b) = -28*b**2 - 2*b - 3. Determine u(-2).
-111
Let q(b) = -11*b**2 - 43*b + 192. Give q(5).
-298
Let j(i) = 17*i**2 + 2*i - 103. Give j(-4).
161
Let k(d) = -102*d - 210. Determine k(-2).
-6
Let u(x) = -2*x**2 - 33*x - 128. Give u(-20).
-268
Let h(t) = -t**2 + 105*t - 1499. Determine h(88).
-3
Let p(q) = 7*q**3 - 91*q**2 + q + 4. Calculate p(13).
17
Let o(k) = 18*k**3 - 178*k**2 + 8*k - 65. Give o(10).
215
Let f(y) = -y**3 + 38*y**2 - 2*y - 92. What is f(37)?
1203
Let v(x) = -x**2 - 98*x + 135. Calculate v(-101).
-168
Let z(x) = 856*x + 4263. What is z(-5)?
-17
Let i(q) = -3*q**2 + 97*q - 384. Calculate i(4).
-44
Let f(a) = 2*a**2 - 504*a - 4694. Calculate f(-9).
4
Let q(t) = t**3 + 12*t**2 + 5*t + 593. Determine q(0).
593
Let a(b) = b**2 + 14*b + 21. Determine a(-3).
-12
Let d(l) = -585*l - 9934. Calculate d(-17).
11
Let t(l) = 2*l**2 - 202*l - 995. Give t(-5).
65
Let l(j) = -4*j + 107. Determine l(27).
-1
Let n(y) = 3*y**2 + 16*y + 63. Determine n(-6).
75
Let q(f) = 553*f + 16591. What is q(-30)?
1
Let u(g) = 47*g**3 + 2*g**2 - 2. Calculate u(1).
47
Let t(m) = m**3 + 29*m**2 + 75*m - 82. Calculate t(-26).
-4
Let l(d) = 25*d**2 + 598*d - 55. Give l(-24).
-7
Let w(m) = 50*m - 2847. Give w(57).
3
Let j(x) = -x**2 + 21*x - 38. Give j(11).
72
Let c(n) = -373*n + 1033. Give c(3).
-86
Let g(d) = 42*d + 142. Give g(-7).
-152
Let s(h) = 505*h - 2519. Calculate s(5).
6
Let a(c) = 2*c**3 + c**2 + 8*c + 19. Calculate a(-2).
-9
Let w(s) = -s**3 + 76*s**2 - 661*s + 65. Calculate w(66).
-1
Let v(h) = h**3 + 27*h**2 + 150*h - 162. What is v(-11)?
124
Let o(c) = c**2 - 441*c + 2584. Determine o(6).
-26
Let d(z) = 19*z**2 - 60*z - 1. What is d(3)?
-10
Let c(w) = -w**3 - 4*w**2 + 178*w + 536. What is c(-3)?
-7
Let p(z) = -z**3 + 38*z**2 - 106*z + 21. Determine p(35).
-14
Let l(m) = 4*m**2 - 64*m + 33. Determine l(16).
33
Let h(c) = 172*c + 685. Determine h(-4).
-3
Let b(k) = 2*k**2 - 165*k + 61. Give b(82).
-21
Let y(c) = -37*c + 35. What is y(-10)?
405
Let d(u) = -12*u - 141. What is d(-6)?
-69
Let k(c) = -175*c**2 + c + 58. Calculate k(0).
58
Let u(n) = 35*n - 387. Give u(10).
-37
Let l(u) = u**2 + 44*u - 26. Determine l(-10).
-366
Let k(q) = -q**2 + 17*q + 29. What is k(12)?
89
Let v(i) = -507*i - 4442. Give v(-9).
121
Let m(o) = 2*o**2 + 368*o + 13267. What is m(-135)?
37
Let b(j) = 2*j**3 + 610*j**2 - 108*j - 32933. Give b(-305).
7
Let u(j) = j**2 - 28*j - 1942. What is u(-32)?
-22
Let k(x) = 16*x - 1333. Calculate k(85).
27
Let p(t) = 3*t**2 - 472*t - 9280. Give p(175).
-5
Let w(z) = 9*z**2 + 7*z + 19. Determine w(-3).
79
Let d(r) = 2*r**2 - 138*r - 2709. Determine d(-17).
215
Let a(s) = -2*s**2 + 28*s - 59. What is a(11)?
7
Let d(b) = -2148*b + 19343. Determine d(9).
11
Let o(j) = -j**2 - 42*j - 244. Determine o(-38).
-92
Let n(x) = -x**2 - 216*x + 14901. What is n(55)?
-4
Let i(m) = 24*m**2 + 56*m + 116. Calculate i(-2).
100
Let j(g) = 8451*g + 33803. Calculate j(-4).
-1
Let p(j) = 1585*j - 3164. What is p(2)?
6
Let o(a) = 5*a**2 - 8*a. Determine o(1).
-3
Let n(x) = 272*x + 4. What is n(1)?
276
Let n(p) = -672*p + 55115. G